4*i + 853 = 201, 2*l - 4*i = j. What is the units digit of l?
4
Let n(d) = 12*d**2 - 114*d - 115. Let z(k) = 7*k**2 - 57*k - 58. Let f(s) = 4*n(s) - 7*z(s). What is the units digit of f(-21)?
2
Suppose 0 = t + 2*b - 7511, 0 = 2*t - 1678*b + 1676*b - 15034. What is the tens digit of t?
1
Suppose 0 = -5*a - 20, -5*x + 4*a + 2437 = -6039. What is the tens digit of x?
9
Suppose 5*x = h - 9, -9*h + 7*h + 4 = -3*x. What is the tens digit of (15/12)/(x/(-8)) - -428?
3
Let t(f) = f - 12. Let r be t(14). Suppose 2*g - 4*b - 3384 = 0, 0 = g - r*g - 3*b + 1672. What is the units digit of g?
4
Suppose -2*i + 165 = 677. Let z = i + 832. What is the tens digit of z?
7
Let o = 579 - -694. Let h = -675 + o. What is the units digit of h?
8
Suppose 0 = -8*l - 2*q + 170766, 2*l + 10213 - 52912 = q. What is the tens digit of l?
4
Let x be -5 + (24/(-9))/((-5)/1335). Let r = -211 + x. What is the hundreds digit of r?
4
Suppose 2*h - 3*h = -3. Let w be ((-504)/30)/(h/(-10)). Let p = w - 54. What is the units digit of p?
2
Suppose -1481*d - 1218816 = -1517*d. What is the units digit of d?
6
Suppose -2*w = -5*m - 210, -20*m + 22*m = -5*w - 84. What is the units digit of ((-22)/1)/(21/m)?
4
Suppose 12 = 6*n - 0*n. Suppose 28 - 34 = -n*f. Suppose -f*h - 60 = -4*h. What is the units digit of h?
0
Suppose 0 = -9*g + 14*g - 20. Suppose 11 = f + 5*r, 0*r - r - 23 = -g*f. Suppose f*w - 31 - 59 = 0. What is the tens digit of w?
1
Let t = 4 + 1. Suppose -t*u = -6*u + 2. Suppose u*h - 164 = 5*z - z, -3*z = h - 67. What is the tens digit of h?
7
Let z(s) = -s**3 - 15*s**2 - 20*s - 51. Let k be z(-14). Let o(w) = 22*w + 94. What is the hundreds digit of o(k)?
8
Let o(v) = -3*v**2 - 37*v + 28. Let j be o(-13). Suppose 3*f - 2*i = 37, -5*f - j*i - 34 + 85 = 0. What is the units digit of f?
1
Let m be (-3)/5 - (-178)/5. Let k = m - 40. Let j(q) = 2*q**2 + 6*q + 6. What is the tens digit of j(k)?
2
Let h(i) = 28*i**3 - 74*i**2 + 8*i - 34. What is the hundreds digit of h(11)?
3
Let j(a) = a**3 + 2*a**2 - 4*a - 5. Let k be j(-2). Let z be 1/k + 15/(-45). Suppose z = -2*t - i + 378, -3*t + i + 481 = -86. What is the tens digit of t?
8
Suppose -p + 2*r = -5924, 2*p - 11846 = 8*r - 5*r. Suppose -4*u + 3*b + p = 0, 2*b - 1491 = 11*u - 12*u. What is the units digit of u?
3
Suppose -3*j + 25741 = 2*z, -10*z + 9*z = -4*j + 34303. What is the thousands digit of j?
8
Let b = -34700 - -63819. What is the tens digit of b?
1
Suppose r - 25 + 267 = 0. Let f = 377 + r. What is the hundreds digit of f?
1
Let c = 216 + -222. What is the tens digit of 1/(((-30)/c)/1705)?
4
Let i(b) = -1082*b - 633. What is the tens digit of i(-4)?
9
What is the units digit of 3/(-1)*(-216)/(-28)*1358/(-3)?
6
Let t be (-3 + 1 - 0) + 7. Suppose -t*u = -5, u + 13 = 5*h + 89. Let j = 33 - h. What is the tens digit of j?
4
Let u be (-48)/(-15) - (-1 - (-6)/5). Suppose -6*p = -u*p - 390. Suppose 2*v - p - 128 = 0. What is the hundreds digit of v?
1
Suppose -b = -5, -15*c - 7776 = -16*c + 4*b. What is the thousands digit of c?
7
Suppose 79*z - 156*z + 32118 = -71*z. What is the units digit of z?
3
Let p be (7 + -12)*(-2 + -1). What is the tens digit of ((-3960)/27)/((-10)/p)?
2
Let f = 181 - -795. Let z = f - 551. What is the tens digit of z?
2
Suppose 42978 = -149*o + 155*o. What is the units digit of o?
3
Let s = -1091 - -2121. Let g = s - 606. What is the units digit of g?
4
Suppose -62914 + 5370 = -8*d. What is the hundreds digit of d?
1
Let j(t) = -215*t**2 - 25*t - 3. Let l(g) = -72*g**2 - 9*g - 1. Let w(r) = -4*j(r) + 11*l(r). What is the tens digit of w(4)?
9
Suppose -2*l - 126 = -16*l. Suppose -l*w = 10*w - 684. What is the units digit of w?
6
Let w(q) = 13*q + 2264. What is the units digit of w(82)?
0
Let n be ((-12)/(-2))/((-3)/(-18)). What is the hundreds digit of 3 + 1 + n*39 + -4?
4
What is the hundreds digit of (1/2)/(((-558)/682488)/(-31))?
9
Let u(g) = -g**2 + 33*g - 171. Let n be u(7). What is the tens digit of 36/(-198) - (-5480)/n?
9
Suppose -4*m = -5*i - 6*m + 250, 3*i - 150 = -m. What is the tens digit of ((-910)/i)/((-2)/10)?
9
Suppose -2*f + 4*p = -34, 13*p = -5*f + 8*p + 10. Suppose 0 = f*d + 2511 - 8139. What is the tens digit of d?
0
Suppose -3*h - 2*k - 1 + 8 = 0, -5*k = -2*h + 30. What is the hundreds digit of 0 - 1 - ((-2120)/h - -2)?
4
Let p(r) = -3*r + 16. Let o be p(-15). Let v = o - 45. Let b = 64 + v. What is the units digit of b?
0
Let p = 42 + -38. Suppose -3*f - 3 = 0, q + p*f - 68 = 4*q. Let s = q + 88. What is the units digit of s?
4
Let z = -16 + 9. Let o = -9 + 33. What is the units digit of z/((-105)/o) - (-2)/5?
2
Let v be (-36)/8*12/(-9). Suppose 2*z + 20 = v*z. Suppose 0 = 3*h + 4*l - 10 - 3, -h - z*l - 14 = 0. What is the units digit of h?
1
Let v be 133/(-38)*(-24)/(-14). Let r be v/39 + (-4)/13*-345. Suppose y + 4*k - 123 = 0, 3*y - r = k + 224. What is the tens digit of y?
1
Suppose 5 = 4*m - 3*s + 2*s, -5*s = -4*m - 7. Suppose -128*n - 2784 = -157*n. Suppose n = w - 5*g, 333 - 3 = 4*w - m*g. What is the tens digit of w?
8
Let r be ((-4)/(-2) - 4)/(8/(-12)). Suppose -2*p + 4*n + 1150 = -0*n, -r*p + 1730 = -n. What is the units digit of p?
7
Suppose -q = -3*z + 2223, -3707 = -14*z + 9*z + q. Let y = 22 + -14. Suppose x - y*x + z = 0. What is the units digit of x?
6
Let p(n) = -n**3 - 6*n**2 - 6. Let j be p(-5). Suppose -5*y - 2*l - 206 = 0, 5*y + 5*l + 215 = -0*y. Let f = j - y. What is the units digit of f?
9
Let g = -18526 - -11902. Let n be (-8)/10 - g/(-45). Let i = n + 209. What is the units digit of i?
1
Suppose 90691 + 53279 = 30*b. What is the hundreds digit of b?
7
Let y be (-1317)/6 - 1/(-2). Let z be (-56518)/14*(-7)/77. Let x = z + y. What is the tens digit of x?
4
Suppose 5*q = w + 12, -3*w + q + 10 = -10. Suppose 1085 = w*j - 219. What is the tens digit of j?
6
Let h = 117 + -63. Suppose -h*b - 248 = -56*b. What is the units digit of b?
4
What is the thousands digit of -39052*18/(1008/(-14))?
9
Suppose -55*b - 888 = 3*l - 60*b, -5*b + 1189 = -4*l. Let o be (-325)/2 - (-2)/4. Let i = o - l. What is the tens digit of i?
3
Let m(s) = 387*s**2 + 39*s - 196. Let a be m(5). Suppose -15*q + a = -31. What is the units digit of q?
7
Let k = 2286 - 2622. Suppose -3*h = -2*h + 1. What is the tens digit of (-3)/h - (-13)/((-104)/k)?
4
Suppose 0 = -5*g - 20, 4*r - 4*g - 13 = 3. Suppose 19*t - 7960 - 2395 = r. What is the units digit of t?
5
Let l = -112173 - -171315. What is the units digit of l?
2
Let f = -180 - -187. Suppose 6*y = f*y - 115. What is the hundreds digit of y?
1
Let j(s) = s**3 - 18*s**2 - 11*s + 5. Let g be j(9). Let c = -414 - g. What is the hundreds digit of c?
4
Let b(w) = w**2 - 1 + 17*w - 17 - 1. Suppose -3*f + 41 = -6*f - 5*t, -2*f - 24 = 4*t. What is the tens digit of b(f)?
9
Let y be (-5 - -1) + (0 - 284). Let t be (0 - (-3)/(-4))/(6/y). Let s = t - -17. What is the units digit of s?
3
Suppose -9 = 3*b - 4*l, 3*b + 2*l = -6 - 3. What is the units digit of 3 + -2 + (79 - (b - -4))?
9
Let y(b) = b**3 + 64*b**2 + 13*b + 1367. What is the thousands digit of y(-46)?
8
Let y(v) = 2*v**2 - 5*v - 9. Let n be y(4). Suppose 0*h + 2*x + 2565 = 5*h, n*x - 496 = -h. What is the hundreds digit of h?
5
Let x(b) = 196*b**2 - 7*b - 6. Let k be x(-4). Suppose -4*a + 3462 = -5*t - 737, -3*a + 2*t + k = 0. What is the thousands digit of a?
1
Let q be -739*4/(-10)*5. Let y = q + -765. What is the tens digit of y?
1
What is the units digit of (2/(-15))/((-12)/18) + (-19691980)/(-475)?
7
Let x be 1*(-1 + 4)/(6/10). What is the tens digit of 995/40 - x/(-40)?
2
Let z(i) = 35*i + 12. Suppose 2*m + 2*h - 16 = 0, 0 = 5*m - h - 26 - 2. Let s be z(m). Suppose -336 = -3*b + s. What is the units digit of b?
6
Let f(h) = 66*h + 238. Let j(z) = 2*z. Let i(p) = f(p) - 4*j(p). What is the tens digit of i(12)?
3
Let p(x) = -x**3 - 126*x**2 - 103*x - 821. What is the units digit of p(-127)?
9
Suppose -390*c + 385*c - 17607 = -2*o, 2*o - 17592 = 2*c. What is the thousands digit of o?
8
Let w(r) = -127*r - 3. Let i be (6/3)/((-2)/4). Let g be w(i). Suppose 3*s - 2*d = -202 + 518, -5*s + g = d. What is the units digit of s?
2
Suppose -3*h = 5*f - 29462, -21*h - 5*f = -20*h - 9824. What is the hundreds digit of h?
8
Let j = 140 + -145. What is the units digit of 472 - (1 - (j + 4))?
0
L